{"id":4035,"date":"2026-04-28T15:37:36","date_gmt":"2026-04-28T13:37:36","guid":{"rendered":"https:\/\/fellesradet.org\/?post_type=projekt&#038;p=4035"},"modified":"2026-04-28T15:42:45","modified_gmt":"2026-04-28T13:42:45","slug":"ungdomshackaton","status":"publish","type":"projekt","link":"https:\/\/fellesradet.org\/no\/projekt\/ungdomshackaton\/","title":{"rendered":"Ungdomshackaton &#8220;Gr\u00e4nsl\u00f6s framtid&#8221;!"},"featured_media":3664,"parent":0,"template":"","projekttyp":[13],"class_list":["post-4035","projekt","type-projekt","status-publish","has-post-thumbnail","hentry","projekttyp-pagaende-aktiviteter"],"acf":[],"yoast_head":"<!-- This site is optimized with the Yoast SEO plugin v27.2 - https:\/\/yoast.com\/product\/yoast-seo-wordpress\/ -->\n<title>Ungdomshackaton &quot;Gr\u00e4nsl\u00f6s framtid&quot;! - Fellesr\u00e5det<\/title>\n<meta name=\"description\" content=\"Hur l\u00e5ter vi fler unga r\u00f6ster komma fram och forma framtiden h\u00e4r i J\u00e4mtland H\u00e4rjedalen och Tr\u00f6ndelag? Genom ett hackaton s\u00e5klart!\" \/>\n<meta name=\"robots\" content=\"index, follow, max-snippet:-1, max-image-preview:large, max-video-preview:-1\" \/>\n<link rel=\"canonical\" href=\"https:\/\/fellesradet.org\/no\/projekt\/ungdomshackaton\/\" \/>\n<meta property=\"og:locale\" content=\"nb_NO\" \/>\n<meta property=\"og:type\" content=\"article\" \/>\n<meta property=\"og:title\" content=\"Ungdomshackaton &quot;Gr\u00e4nsl\u00f6s framtid&quot;! - Fellesr\u00e5det\" \/>\n<meta property=\"og:description\" content=\"Hur l\u00e5ter vi fler unga r\u00f6ster komma fram och forma framtiden h\u00e4r i J\u00e4mtland H\u00e4rjedalen och Tr\u00f6ndelag? Genom ett hackaton s\u00e5klart!\" \/>\n<meta property=\"og:url\" content=\"https:\/\/fellesradet.org\/no\/projekt\/ungdomshackaton\/\" \/>\n<meta property=\"og:site_name\" content=\"Fellesr\u00e5det\" \/>\n<meta property=\"article:modified_time\" content=\"2026-04-28T13:42:45+00:00\" \/>\n<meta property=\"og:image\" content=\"https:\/\/fellesradet.org\/wp-content\/uploads\/2022\/04\/nte_innivasjonscamp_bilder_dag1_17.jpg\" \/>\n\t<meta property=\"og:image:width\" content=\"2000\" \/>\n\t<meta property=\"og:image:height\" content=\"1333\" \/>\n\t<meta property=\"og:image:type\" content=\"image\/jpeg\" \/>\n<meta name=\"twitter:card\" content=\"summary_large_image\" \/>\n<meta name=\"twitter:label1\" content=\"Ansl. lesetid\" \/>\n\t<meta name=\"twitter:data1\" content=\"2 minutter\" \/>\n<script type=\"application\/ld+json\" class=\"yoast-schema-graph\">{\"@context\":\"https:\/\/schema.org\",\"@graph\":[{\"@type\":\"WebPage\",\"@id\":\"https:\/\/fellesradet.org\/no\/projekt\/ungdomshackaton\/\",\"url\":\"https:\/\/fellesradet.org\/no\/projekt\/ungdomshackaton\/\",\"name\":\"Ungdomshackaton \\\"Gr\u00e4nsl\u00f6s framtid\\\"! - Fellesr\u00e5det\",\"isPartOf\":{\"@id\":\"https:\/\/fellesradet.org\/no\/#website\"},\"primaryImageOfPage\":{\"@id\":\"https:\/\/fellesradet.org\/no\/projekt\/ungdomshackaton\/#primaryimage\"},\"image\":{\"@id\":\"https:\/\/fellesradet.org\/no\/projekt\/ungdomshackaton\/#primaryimage\"},\"thumbnailUrl\":\"https:\/\/fellesradet.org\/wp-content\/uploads\/2022\/04\/nte_innivasjonscamp_bilder_dag1_17.jpg\",\"datePublished\":\"2026-04-28T13:37:36+00:00\",\"dateModified\":\"2026-04-28T13:42:45+00:00\",\"description\":\"Hur l\u00e5ter vi fler unga r\u00f6ster komma fram och forma framtiden h\u00e4r i J\u00e4mtland H\u00e4rjedalen och Tr\u00f6ndelag? Genom ett hackaton s\u00e5klart!\",\"breadcrumb\":{\"@id\":\"https:\/\/fellesradet.org\/no\/projekt\/ungdomshackaton\/#breadcrumb\"},\"inLanguage\":\"nb-NO\",\"potentialAction\":[{\"@type\":\"ReadAction\",\"target\":[\"https:\/\/fellesradet.org\/no\/projekt\/ungdomshackaton\/\"]}]},{\"@type\":\"ImageObject\",\"inLanguage\":\"nb-NO\",\"@id\":\"https:\/\/fellesradet.org\/no\/projekt\/ungdomshackaton\/#primaryimage\",\"url\":\"https:\/\/fellesradet.org\/wp-content\/uploads\/2022\/04\/nte_innivasjonscamp_bilder_dag1_17.jpg\",\"contentUrl\":\"https:\/\/fellesradet.org\/wp-content\/uploads\/2022\/04\/nte_innivasjonscamp_bilder_dag1_17.jpg\",\"width\":2000,\"height\":1333},{\"@type\":\"BreadcrumbList\",\"@id\":\"https:\/\/fellesradet.org\/no\/projekt\/ungdomshackaton\/#breadcrumb\",\"itemListElement\":[{\"@type\":\"ListItem\",\"position\":1,\"name\":\"Hem\",\"item\":\"https:\/\/fellesradet.org\/no\/\"},{\"@type\":\"ListItem\",\"position\":2,\"name\":\"Ungdomshackaton &#8220;Gr\u00e4nsl\u00f6s framtid&#8221;!\"}]},{\"@type\":\"WebSite\",\"@id\":\"https:\/\/fellesradet.org\/no\/#website\",\"url\":\"https:\/\/fellesradet.org\/no\/\",\"name\":\"Fellesr\u00e5det\",\"description\":\"Ett gr\u00e4ns\u00f6verskridande utvecklingsbolag\",\"publisher\":{\"@id\":\"https:\/\/fellesradet.org\/no\/#organization\"},\"potentialAction\":[{\"@type\":\"SearchAction\",\"target\":{\"@type\":\"EntryPoint\",\"urlTemplate\":\"https:\/\/fellesradet.org\/no\/?s={search_term_string}\"},\"query-input\":{\"@type\":\"PropertyValueSpecification\",\"valueRequired\":true,\"valueName\":\"search_term_string\"}}],\"inLanguage\":\"nb-NO\"},{\"@type\":\"Organization\",\"@id\":\"https:\/\/fellesradet.org\/no\/#organization\",\"name\":\"Fellesr\u00e5det\",\"url\":\"https:\/\/fellesradet.org\/no\/\",\"logo\":{\"@type\":\"ImageObject\",\"inLanguage\":\"nb-NO\",\"@id\":\"https:\/\/fellesradet.org\/no\/#\/schema\/logo\/image\/\",\"url\":\"https:\/\/fellesradet.org\/wp-content\/uploads\/2022\/06\/logo-norsk-cut.svg\",\"contentUrl\":\"https:\/\/fellesradet.org\/wp-content\/uploads\/2022\/06\/logo-norsk-cut.svg\",\"width\":444,\"height\":83,\"caption\":\"Fellesr\u00e5det\"},\"image\":{\"@id\":\"https:\/\/fellesradet.org\/no\/#\/schema\/logo\/image\/\"}}]}<\/script>\n<!-- \/ Yoast SEO plugin. -->","yoast_head_json":{"title":"Ungdomshackaton \"Gr\u00e4nsl\u00f6s framtid\"! - Fellesr\u00e5det","description":"Hur l\u00e5ter vi fler unga r\u00f6ster komma fram och forma framtiden h\u00e4r i J\u00e4mtland H\u00e4rjedalen och Tr\u00f6ndelag? Genom ett hackaton s\u00e5klart!","robots":{"index":"index","follow":"follow","max-snippet":"max-snippet:-1","max-image-preview":"max-image-preview:large","max-video-preview":"max-video-preview:-1"},"canonical":"https:\/\/fellesradet.org\/no\/projekt\/ungdomshackaton\/","og_locale":"nb_NO","og_type":"article","og_title":"Ungdomshackaton \"Gr\u00e4nsl\u00f6s framtid\"! - Fellesr\u00e5det","og_description":"Hur l\u00e5ter vi fler unga r\u00f6ster komma fram och forma framtiden h\u00e4r i J\u00e4mtland H\u00e4rjedalen och Tr\u00f6ndelag? Genom ett hackaton s\u00e5klart!","og_url":"https:\/\/fellesradet.org\/no\/projekt\/ungdomshackaton\/","og_site_name":"Fellesr\u00e5det","article_modified_time":"2026-04-28T13:42:45+00:00","og_image":[{"width":2000,"height":1333,"url":"https:\/\/fellesradet.org\/wp-content\/uploads\/2022\/04\/nte_innivasjonscamp_bilder_dag1_17.jpg","type":"image\/jpeg"}],"twitter_card":"summary_large_image","twitter_misc":{"Ansl. lesetid":"2 minutter"},"schema":{"@context":"https:\/\/schema.org","@graph":[{"@type":"WebPage","@id":"https:\/\/fellesradet.org\/no\/projekt\/ungdomshackaton\/","url":"https:\/\/fellesradet.org\/no\/projekt\/ungdomshackaton\/","name":"Ungdomshackaton \"Gr\u00e4nsl\u00f6s framtid\"! - Fellesr\u00e5det","isPartOf":{"@id":"https:\/\/fellesradet.org\/no\/#website"},"primaryImageOfPage":{"@id":"https:\/\/fellesradet.org\/no\/projekt\/ungdomshackaton\/#primaryimage"},"image":{"@id":"https:\/\/fellesradet.org\/no\/projekt\/ungdomshackaton\/#primaryimage"},"thumbnailUrl":"https:\/\/fellesradet.org\/wp-content\/uploads\/2022\/04\/nte_innivasjonscamp_bilder_dag1_17.jpg","datePublished":"2026-04-28T13:37:36+00:00","dateModified":"2026-04-28T13:42:45+00:00","description":"Hur l\u00e5ter vi fler unga r\u00f6ster komma fram och forma framtiden h\u00e4r i J\u00e4mtland H\u00e4rjedalen och Tr\u00f6ndelag? Genom ett hackaton s\u00e5klart!","breadcrumb":{"@id":"https:\/\/fellesradet.org\/no\/projekt\/ungdomshackaton\/#breadcrumb"},"inLanguage":"nb-NO","potentialAction":[{"@type":"ReadAction","target":["https:\/\/fellesradet.org\/no\/projekt\/ungdomshackaton\/"]}]},{"@type":"ImageObject","inLanguage":"nb-NO","@id":"https:\/\/fellesradet.org\/no\/projekt\/ungdomshackaton\/#primaryimage","url":"https:\/\/fellesradet.org\/wp-content\/uploads\/2022\/04\/nte_innivasjonscamp_bilder_dag1_17.jpg","contentUrl":"https:\/\/fellesradet.org\/wp-content\/uploads\/2022\/04\/nte_innivasjonscamp_bilder_dag1_17.jpg","width":2000,"height":1333},{"@type":"BreadcrumbList","@id":"https:\/\/fellesradet.org\/no\/projekt\/ungdomshackaton\/#breadcrumb","itemListElement":[{"@type":"ListItem","position":1,"name":"Hem","item":"https:\/\/fellesradet.org\/no\/"},{"@type":"ListItem","position":2,"name":"Ungdomshackaton &#8220;Gr\u00e4nsl\u00f6s framtid&#8221;!"}]},{"@type":"WebSite","@id":"https:\/\/fellesradet.org\/no\/#website","url":"https:\/\/fellesradet.org\/no\/","name":"Fellesr\u00e5det","description":"Ett gr\u00e4ns\u00f6verskridande utvecklingsbolag","publisher":{"@id":"https:\/\/fellesradet.org\/no\/#organization"},"potentialAction":[{"@type":"SearchAction","target":{"@type":"EntryPoint","urlTemplate":"https:\/\/fellesradet.org\/no\/?s={search_term_string}"},"query-input":{"@type":"PropertyValueSpecification","valueRequired":true,"valueName":"search_term_string"}}],"inLanguage":"nb-NO"},{"@type":"Organization","@id":"https:\/\/fellesradet.org\/no\/#organization","name":"Fellesr\u00e5det","url":"https:\/\/fellesradet.org\/no\/","logo":{"@type":"ImageObject","inLanguage":"nb-NO","@id":"https:\/\/fellesradet.org\/no\/#\/schema\/logo\/image\/","url":"https:\/\/fellesradet.org\/wp-content\/uploads\/2022\/06\/logo-norsk-cut.svg","contentUrl":"https:\/\/fellesradet.org\/wp-content\/uploads\/2022\/06\/logo-norsk-cut.svg","width":444,"height":83,"caption":"Fellesr\u00e5det"},"image":{"@id":"https:\/\/fellesradet.org\/no\/#\/schema\/logo\/image\/"}}]}},"_links":{"self":[{"href":"https:\/\/fellesradet.org\/no\/wp-json\/wp\/v2\/projekt\/4035","targetHints":{"allow":["GET"]}}],"collection":[{"href":"https:\/\/fellesradet.org\/no\/wp-json\/wp\/v2\/projekt"}],"about":[{"href":"https:\/\/fellesradet.org\/no\/wp-json\/wp\/v2\/types\/projekt"}],"wp:featuredmedia":[{"embeddable":true,"href":"https:\/\/fellesradet.org\/no\/wp-json\/wp\/v2\/media\/3664"}],"wp:attachment":[{"href":"https:\/\/fellesradet.org\/no\/wp-json\/wp\/v2\/media?parent=4035"}],"wp:term":[{"taxonomy":"projekttyp","embeddable":true,"href":"https:\/\/fellesradet.org\/no\/wp-json\/wp\/v2\/projekttyp?post=4035"}],"curies":[{"name":"wp","href":"https:\/\/api.w.org\/{rel}","templated":true}]}}

Ungdomshackaton &#8220;Gränslös framtid&#8221;!

<!-- This site is optimized with the Yoast SEO plugin v27.2 - https://yoast.com/product/yoast-seo-wordpress/ -->
<title>Ungdomshackaton &quot;Gränslös framtid&quot;! - Fellesrådet</title>
<meta name="description" content="Hur låter vi fler unga röster komma fram och forma framtiden här i Jämtland Härjedalen och Tröndelag? Genom ett hackaton såklart!" />
<meta name="robots" content="index, follow, max-snippet:-1, max-image-preview:large, max-video-preview:-1" />
<link rel="canonical" href="https://fellesradet.org/no/projekt/ungdomshackaton/" />
<meta property="og:locale" content="nb_NO" />
<meta property="og:type" content="article" />
<meta property="og:title" content="Ungdomshackaton &quot;Gränslös framtid&quot;! - Fellesrådet" />
<meta property="og:description" content="Hur låter vi fler unga röster komma fram och forma framtiden här i Jämtland Härjedalen och Tröndelag? Genom ett hackaton såklart!" />
<meta property="og:url" content="https://fellesradet.org/no/projekt/ungdomshackaton/" />
<meta property="og:site_name" content="Fellesrådet" />
<meta property="article:modified_time" content="2026-04-28T13:42:45+00:00" />
<meta property="og:image" content="https://fellesradet.org/wp-content/uploads/2022/04/nte_innivasjonscamp_bilder_dag1_17.jpg" />
	<meta property="og:image:width" content="2000" />
	<meta property="og:image:height" content="1333" />
	<meta property="og:image:type" content="image/jpeg" />
<meta name="twitter:card" content="summary_large_image" />
<meta name="twitter:label1" content="Ansl. lesetid" />
	<meta name="twitter:data1" content="2 minutter" />
<script type="application/ld+json" class="yoast-schema-graph">{"@context":"https://schema.org","@graph":[{"@type":"WebPage","@id":"https://fellesradet.org/no/projekt/ungdomshackaton/","url":"https://fellesradet.org/no/projekt/ungdomshackaton/","name":"Ungdomshackaton \"Gränslös framtid\"! - Fellesrådet","isPartOf":{"@id":"https://fellesradet.org/no/#website"},"primaryImageOfPage":{"@id":"https://fellesradet.org/no/projekt/ungdomshackaton/#primaryimage"},"image":{"@id":"https://fellesradet.org/no/projekt/ungdomshackaton/#primaryimage"},"thumbnailUrl":"https://fellesradet.org/wp-content/uploads/2022/04/nte_innivasjonscamp_bilder_dag1_17.jpg","datePublished":"2026-04-28T13:37:36+00:00","dateModified":"2026-04-28T13:42:45+00:00","description":"Hur låter vi fler unga röster komma fram och forma framtiden här i Jämtland Härjedalen och Tröndelag? Genom ett hackaton såklart!","breadcrumb":{"@id":"https://fellesradet.org/no/projekt/ungdomshackaton/#breadcrumb"},"inLanguage":"nb-NO","potentialAction":[{"@type":"ReadAction","target":["https://fellesradet.org/no/projekt/ungdomshackaton/"]}]},{"@type":"ImageObject","inLanguage":"nb-NO","@id":"https://fellesradet.org/no/projekt/ungdomshackaton/#primaryimage","url":"https://fellesradet.org/wp-content/uploads/2022/04/nte_innivasjonscamp_bilder_dag1_17.jpg","contentUrl":"https://fellesradet.org/wp-content/uploads/2022/04/nte_innivasjonscamp_bilder_dag1_17.jpg","width":2000,"height":1333},{"@type":"BreadcrumbList","@id":"https://fellesradet.org/no/projekt/ungdomshackaton/#breadcrumb","itemListElement":[{"@type":"ListItem","position":1,"name":"Hem","item":"https://fellesradet.org/no/"},{"@type":"ListItem","position":2,"name":"Ungdomshackaton &#8220;Gränslös framtid&#8221;!"}]},{"@type":"WebSite","@id":"https://fellesradet.org/no/#website","url":"https://fellesradet.org/no/","name":"Fellesrådet","description":"Ett gränsöverskridande utvecklingsbolag","publisher":{"@id":"https://fellesradet.org/no/#organization"},"potentialAction":[{"@type":"SearchAction","target":{"@type":"EntryPoint","urlTemplate":"https://fellesradet.org/no/?s={search_term_string}"},"query-input":{"@type":"PropertyValueSpecification","valueRequired":true,"valueName":"search_term_string"}}],"inLanguage":"nb-NO"},{"@type":"Organization","@id":"https://fellesradet.org/no/#organization","name":"Fellesrådet","url":"https://fellesradet.org/no/","logo":{"@type":"ImageObject","inLanguage":"nb-NO","@id":"https://fellesradet.org/no/#/schema/logo/image/","url":"https://fellesradet.org/wp-content/uploads/2022/06/logo-norsk-cut.svg","contentUrl":"https://fellesradet.org/wp-content/uploads/2022/06/logo-norsk-cut.svg","width":444,"height":83,"caption":"Fellesrådet"},"image":{"@id":"https://fellesradet.org/no/#/schema/logo/image/"}}]}</script>
<!-- / Yoast SEO plugin. -->

Ungdomshackaton "Gränslös framtid"! - Fellesrådet

Hur låter vi fler unga röster komma fram och forma framtiden här i Jämtland Härjedalen och Tröndelag? Genom ett hackaton såklart!

Fellesrådet

Ett gränsöverskridande utvecklingsbolag
